 i = o + -21. Suppose 10*x = 6*x + i. What are the prime factors of x?
2, 3
Let x(n) = n**2 - 5*n + 11. Let b(h) = -h**2 + 6*h - 10. Let l(w) = -6*b(w) - 5*x(w). Let u be l(5). What are the prime factors of (-16)/(-4)*u/(-4)?
5
Let s(w) = w**3 - 8*w**2 + 5*w - 1. Let f be s(7). Let c = 20 + f. Suppose l + 128 = c*l. What are the prime factors of l?
2
Let p(f) = -2*f**2 + 16*f + 11. Let n be p(8). Suppose -3*h = -257 + n. List the prime factors of h.
2, 41
Let z = -146 + 1012. What are the prime factors of z?
2, 433
Suppose -8*b + 5*b + 12 = 0. List the prime factors of (b - 3)*(-3)/((-9)/372).
2, 31
Suppose -8 = -0*u - u. Suppose -u = -j + p, -j = -0*j - 4*p - 23. Suppose j*h + h = 28. List the prime factors of h.
7
Let r(g) = 3*g**3 + g**2 + 2*g - 2. Let z be r(1). Suppose s = 3*f + 272, 0 = z*s + 2*f - 6*f - 1080. List the prime factors of s.
269
Let r(v) = 541*v - 201. What are the prime factors of r(2)?
881
Let n(y) = 3*y**2 + 20*y + 36. List the prime factors of n(-14).
2, 43
Let d = -82 - -124. Let i = d + -14. Suppose 148 = 5*t - 5*c + i, -3*t - 5*c = -48. What are the prime factors of t?
3, 7
Suppose -31*l + 27*l = -48. List the prime factors of l.
2, 3
Let c be (-28)/182 - 620/26. What are the prime factors of 512/3 + 2 + 40/c?
3, 19
Let t = 1789 + -1507. What are the prime factors of t?
2, 3, 47
Let x be 12/(-9)*6/(-4). Suppose x*m - 3 = m. What are the prime factors of -3 + m + 0 - -9?
3
Let c(m) = -4*m**3 + m**2 - 1. Let x be c(-1). Suppose -x*p + 6*p = 0. Suppose p = 2*a - 6*a + 8. List the prime factors of a.
2
Let v = 1597 + -702. What are the prime factors of v?
5, 179
Let c = 99 + -48. Suppose 3*p - c - 129 = 0. What are the prime factors of p?
2, 3, 5
Suppose -10444 = -2*w + 2*u, -3*w - 86*u = -84*u - 15686. List the prime factors of w.
2, 3, 13, 67
Suppose 798 = -5*p + 5*g - 11622, -3*p + 2*g - 7453 = 0. Let a be p/(-25) + 6/10. Suppose -2*i - 3*w = -100, 0*i + 3*w + a = 2*i. List the prime factors of i.
2, 5
Let k be 1/(-1) - (517 + 5)/(-3). List the prime factors of -2*k/6*171/(-57).
173
Suppose 0 = 3*c - 371 - 223. Suppose c = 5*q - 172. Suppose 2*k = 2*p + 6 + 30, 0 = 4*k - 3*p - q. What are the prime factors of k?
2, 5
Let k = -12 - -15. Suppose 0 = 5*m - 2*v - 223, m + k*v = -3*m + 160. What are the prime factors of m?
43
Let g = 18 - 43. List the prime factors of 70/3 - g/(-75).
23
Let u(x) = -3*x**3 - 3*x + 3. Let w be (12/(-4))/(-1 + 2). What are the prime factors of u(w)?
3, 31
Suppose 3*m - 1736 + 542 = 0. Let i = -228 + m. What are the prime factors of i?
2, 5, 17
Let f(y) = -y**3 + 7*y**2 - 7*y - 2. Let d be f(5). Let t = -37 + d. Let p = 78 + t. What are the prime factors of p?
2, 3
Let a(t) = -t**2 + 6*t - 3. Let s = -5 + 10. Let u be a(s). Suppose -186 = -3*f - 3*c, -u*c = -0*f + f - 59. List the prime factors of f.
5, 13
Suppose 2*t - 3*x = 1035, -2*x = 4*t - 3*t - 535. List the prime factors of t.
3, 5, 7
Let j(k) = -k**3 - 2*k**2 + 11*k + 5. Let m be j(-7). Suppose 175 = 3*p - m. List the prime factors of p.
2, 29
Let r be -3 + 6 - (-1 - -2). Suppose 0 = s - r*s + 11. What are the prime factors of -8 + s - -2*6?
3, 5
Let f(s) = -5*s - 15 + 3*s**2 - 1 - 3 + 14*s. List the prime factors of f(7).
191
Suppose 2*i - 32 + 0 = 0. Suppose -i - 12 = 2*z. Let o = z - -44. What are the prime factors of o?
2, 3, 5
Suppose -f + 2*f = -0*f. Suppose f*w - 733 = -5*w - 4*v, -w + 143 = 2*v. What are the prime factors of w?
149
Suppose -3*y + 28 = 4*y. Suppose 3*o = -y*s + 304, 4*o = 3*s + s - 332. What are the prime factors of s?
79
Let h = -693 - -901. List the prime factors of h.
2, 13
Suppose 71 = 12*w - 13. Let m(d) = 6*d + 8. What are the prime factors of m(w)?
2, 5
Let q = -21 + 30. Suppose -14*y + 215 = -q*y. What are the prime factors of y?
43
Let k(b) = 312*b + 147. What are the prime factors of k(4)?
3, 5, 31
Suppose 16*g = 14*g + 134. Suppose -u = -g - 43. List the prime factors of u.
2, 5, 11
Let x(r) = -r**3 - r + 5. Suppose -3*n + 15 = -4*t, -5*t + 2*n = 5*n - 15. Let w be x(t). Let s = 61 + w. What are the prime factors of s?
2, 3, 11
Suppose 6 = 26*w - 25*w. Suppose 522 = 3*n + 4*k + k, 0 = -2*k - w. What are the prime factors of n?
179
Suppose -5*c - 8*m + 3*m = -165, -21 = -c + 5*m. Let k = c - -85. Suppose 0 = p + 4*j - 32, -4*j + 0*j + k = 4*p. List the prime factors of p.
2, 7
Suppose y + 9*c = 4*c + 4586, -5*c = -2*y + 9127. List the prime factors of y.
7, 653
Let h(u) = -6*u**3 + u**2 - 1 - 2*u**3 + 0*u**2. Let g = 28 - 29. What are the prime factors of h(g)?
2
Let a(g) be the second derivative of -18*g**3 + 3*g**2 - 4*g. Let u be a(-3). Suppose -5*r = 5*p - u, p - 3*p - r + 136 = 0. What are the prime factors of p?
2, 5, 7
Suppose 0 = 3*w + 4*f - 81, 2*f = 5*w + 5*f - 124. Suppose -5*y + 3*l - 13 = -3*y, 3*l - w = 4*y. What are the prime factors of 2/y + (-1420)/(-50)?
2, 7
Let c(y) = -8*y**2 + 19*y - 10*y**2 + y**3 + 25 - 3*y. Let g be c(17). Let v(x) = 5*x + 15. What are the prime factors of v(g)?
5, 11
Suppose 0*q = q - 6. Let r(c) = c - 5. Let d be r(q). List the prime factors of (-3)/1 + 24 + d.
2, 11
List the prime factors of 665/2 - (-2)/4.
3, 37
Let i(m) = 6*m - 10 - 9*m**2 + 6*m**2 - 3*m**3 - 7*m**2. Let b(n) = -5*n**3 - 20*n**2 + 12*n - 19. Let o(q) = -4*b(q) + 7*i(q). List the prime factors of o(9).
3, 11
Let y = 744 - -276. List the prime factors of y.
2, 3, 5, 17
Suppose -4*p = -5*b - 3000, 3*p + 0*b + 5*b = 2250. What are the prime factors of p?
2, 3, 5
Let q(l) = l + 2. Let p be q(1). Suppose -5*j = p*y - 77, -5*y + y = 2*j - 112. List the prime factors of y.
29
Let w(a) = a + 12. Let z be w(-10). Suppose -3*r - z*p + 164 = 0, -178 = -r - 2*r + 5*p. List the prime factors of r.
2, 7
Suppose 16768 = 18*j - 2*j. What are the prime factors of j?
2, 131
Let h be 26/6 + (-3)/9. Let q be (2 - h) + 2/1. Let t = 7 + q. What are the prime factors of t?
7
Suppose 4*o - 20 = -5*w, -3*w = -4*o + 24 - 4. Suppose -3*q - 17 = -2*g, 11 = g - o*q + q. Let r = 11 - g. List the prime factors of r.
2
Suppose 5*h - h = 12. Suppose -2*r = -5*r - 5*s + 93, -9 = -h*s. List the prime factors of -3 + r + -3 + -1.
19
Suppose -4*i = -1 + 5. Let s = i - -4. Suppose 0*p - 42 = -3*p - 3*z, -s*p + z + 26 = 0. What are the prime factors of p?
2, 5
Let b(r) = -r + 4. Let d be b(2). Let p(c) = -31*c + 7. Let x be p(d). What are the prime factors of (-40)/3*132/x?
2
Let y(g) = -g**3 + 3*g**2 + 3*g - 1. Let o be y(-4). Let s = -44 + o. What are the prime factors of s?
5, 11
Let o(l) = -3*l - 5. Let m(t) = -8*t - 16. Let v(f) = -6*m(f) + 17*o(f). What are the prime factors of v(-4)?
23
Suppose -3*z = 5*n - 2847, -825 - 880 = -3*n - 5*z. List the prime factors of n.
2, 3, 5, 19
Let s(u) = 8*u**3 - u. Let j be s(-1). Let c(a) = a**2 + 9*a + 9. Let f be c(j). List the prime factors of (-62)/f - (-4)/(-10).
2, 3
Suppose -11*p + 55375 = 14*p. What are the prime factors of p?
5, 443
Let s(a) = 2446*a**2 - 7*a - 1. List the prime factors of s(-1).
2, 613
Let p(u) = u**3 + 9*u**2 + 15*u - 2. Let a be p(-7). Let t(g) = g**3 + 12*g**2 + 3*g + 9. What are the prime factors of t(a)?
3, 5
Let r = 16 - 6. Let o = r - -1. Suppose c - 14 = o. List the prime factors of c.
5
Suppose -32*h = -31*h + 622. Let i = -442 - h. List the prime factors of i.
2, 3, 5
Suppose -4*r = 5*p + 6, 4*p - 3*r + 5 = -6. Let a = 2 - p. Suppose -5*s - 5 = 0, 4*i - 20 - 44 = a*s. List the prime factors of i.
3, 5
Let y = 2307 + -1027. List the prime factors of y.
2, 5
Let m be 69 - (4 + -4 - 2). Suppose 3*q - m - 173 = -2*k, -251 = -3*q + 5*k. What are the prime factors of q?
2, 41
Suppose 7*x - 745 = 6*x + 3*b, -x + 750 = -2*b. List the prime factors of x.
2, 5, 19
Let r(n) = -n**2 - n - 1. Suppose d = 2*a + 4, -6 + 0 = -3*d. Let u be r(a). Let i(g) = 39*g**2. What are the prime factors of i(u)?
3, 13
Let p be (2 - 2)*1/(-1). Let q = -12 - p. What are the prime factors of ((-6)/(-4))/(q/(-320))?
2, 5
Suppose 13*r - 8*r = -90. What are the prime factors of 1/(-6) + (-2343)/r?
2, 5, 13
Let n(p) = -p + 4. Let q be n(4). Suppose q*d + 141 = d. List the prime factors of d.
3, 47
Suppose -2778 = -11*a + 2106. List the prime factors of a.
2, 3, 37
Let n(h) = 110*h**3 - h**2 + 4*h + 3. Let r be n(-1). Let i = r + 205. What are the prime factors of i?
3, 31
Let g(r